 d and r.
8
Suppose 14*t - 78440 = 8500. Let m be 9/(-12) - (2 + t/(-24)). What is the highest common divisor of 16 and m?
16
Let d be 61/6 + (-9)/54. Suppose -5*v - 2*t = -110, -2*t = 3*v - 7*t - 35. Calculate the highest common factor of d and v.
10
Let h be (-2)/(-12)*9*2. Suppose -2*t + 7 - 3 = -3*o, 5*t + h*o - 31 = 0. Calculate the highest common divisor of t and 175.
5
Let b be 3*(3 + -2)/1. Suppose b*c - 69 = -9. Let x be 4/(c/677) - (-3)/5. What is the greatest common divisor of 17 and x?
17
Let z be (6 + 10/(-4))*(-7464)/(-28). What is the greatest common divisor of z and 18?
3
Suppose 126*w - 1554 = 89*w. Suppose 65*z = 68*z - w. Let n = -27 - -55. Calculate the highest common factor of z and n.
14
Suppose -7486*y - 506 = -7497*y. Calculate the greatest common divisor of 1058 and y.
46
Suppose 5*j + 251 = 4*g + 241, 2*j + 1 = g. Calculate the highest common divisor of g and 420.
5
Let q = 468 + -62. Suppose -c + 3*c = 56. Calculate the highest common divisor of q and c.
14
Let w be 1/2*5*(-53)/((-5035)/912). Let b = 2 + -1. Let m(i) = 35*i + 1. Let v be m(b). Calculate the greatest common divisor of v and w.
12
Let j(l) = 100*l - 65. Let s be j(8). Let h be (-4)/18 - (7 - s/27). Suppose 4*i - h - 92 = 0. What is the highest common factor of i and 42?
14
Let o be (76212/(-20 - -8))/(-1). What is the highest common factor of o and 73?
73
Let m = -47 + 46. Let l be 1 + (4 - 5)*(m + 0). Suppose 6*h + l*h = 48. What is the highest common factor of 30 and h?
6
Suppose 2*c = -y + 317, -845 = -4*c - y - 208. What is the highest common divisor of 848 and c?
16
Suppose -3*p - 9 = -2*x + x, -2*p + 2 = 2*x. Let o = 5727 - 5735. Let r be (-92)/o - p/4. What is the highest common divisor of r and 12?
12
Suppose 23*z = 11*z + 444. Let s = -9 + 10. Let v = s + z. What is the highest common divisor of 95 and v?
19
Let w(c) = -c**3 - 12*c**2 - 25*c - 42. Let k be w(-10). Let y(t) = t**3 - 6*t**2 + t. Let i be y(k). What is the highest common factor of 8 and i?
8
Let i = -1339 + 10712. Calculate the greatest common factor of 13 and i.
13
Let p be 9/27 + 2 + (-2)/(-3). Let c(v) = -5 - 249*v - 3*v**p + 123*v + 128*v + 24*v**2. Let l be c(8). Calculate the highest common factor of l and 99.
11
Let g(n) = 145*n**3 + 9*n**2 - 11*n - 7. Let x be g(2). What is the greatest common factor of x and 6613?
389
Suppose 9*l = 17*l - 200. Suppose 215 = 5*c - 3*w - 2*w, 0 = 5*w - l. Calculate the highest common factor of c and 8.
8
Let t = 26 - -37. Suppose -3*h + 238 = 4*j - 144, 5 = 5*j. Calculate the greatest common divisor of t and h.
63
Suppose 7*q = -2*q + 351. Suppose -188 = -q*z - 8*z. Suppose 3*f - 111 = 2*l - 3*l, -2*l - 174 = -5*f. What is the highest common factor of z and f?
4
Let v(c) = -11*c + 15*c**2 + 7*c**2 + 9*c. Suppose 2*j = -4*r - 12, -3*r = -2*j - 2*r - 2. Let q be v(j). Calculate the highest common factor of q and 23.
23
Let p = 26 - 16. Let c(i) = 374*i - 6786. Let s be c(19). What is the greatest common factor of s and p?
10
Suppose 0*z - 126 = -7*z. Suppose 6*q = 3*a + 5*q + 18, 3*a + 3*q + z = 0. Let l(p) = -26*p + 9. Let i be l(a). What is the highest common divisor of i and 15?
15
Let m(k) = 72*k + 64. Let q(c) = 73*c + 63. Let v(g) = -4*m(g) + 3*q(g). Let f be v(-3). What is the highest common factor of f and 28?
28
Let x(b) = -69*b**2 - 18*b - 52. Let t be x(-3). Let j = 685 + t. What is the highest common factor of 42 and j?
6
Let k be (4/(-6))/((-1)/(0 - 3)). Let h be 4 + (k + 6 - 4). Suppose -22 = -t + 5*p, -88 = -2*t - 2*t + h*p. What is the highest common factor of 33 and t?
11
Let x(m) = m**3 - 3*m**2 - 6. Let k be x(4). Suppose 7*i - k*i + 120 = 0. Let g be i/(-6)*12/(-10). What is the greatest common factor of 8 and g?
8
Suppose 0 = -34*f + 63841 - 2573. Calculate the highest common factor of 34 and f.
34
Let l be 6*(-7)/(-210)*8915 - -9. Calculate the highest common divisor of l and 63.
7
Let v be (-2 - (-9)/6)*0. Let o(d) = -d**2 + 40. Let b be o(v). Suppose -59*j - 57 + 647 = 0. What is the greatest common factor of b and j?
10
Let r(k) = -520*k + 5233. Let i be r(10). What is the greatest common divisor of i and 7117?
11
Let u be -3 - ((-272)/4 + 2). Suppose 0 = -2*g - 5*f + u, 21 = 3*g + 3*f - 60. Suppose -g = 4*s - 60. Calculate the highest common factor of 27 and s.
9
Let y be (0 + 1)/(-16 + 95779/5985). What is the highest common factor of y and 245?
35
Let z be (6171/847)/(6/28). Let r(i) = 5*i**3 - 11*i**2 + 6*i. Let c be r(8). Calculate the greatest common divisor of c and z.
34
Let m(r) = 10*r**3 - 2*r**2 + r + 2. Let u be m(2). Let x be 0 + 3 - 6/42*0. Suppose 114 = 9*w - x*w. Calculate the greatest common divisor of u and w.
19
Suppose -1601 = 4*x + l, 10 = 4*l - 2. Let i = -77 - x. Calculate the greatest common factor of 6 and i.
6
Suppose 13*f - 32*f + 6*f + 117 = 0. What is the greatest common divisor of f and 8703?
9
Let f(z) = -39*z - 140. Let j be f(-4). What is the highest common factor of 6224 and j?
16
Let w be ((-18)/(-2))/(-3) - -171. Suppose w = -0*t + 2*t. Suppose -69*c = -19*c - 600. Calculate the highest common factor of t and c.
12
Suppose -j + 93 = -3*y - 4*j, 0 = -5*y + j - 185. Let b be (27/y)/(2/(-40)). Suppose -14*s - 8 = -b*s. Calculate the highest common factor of s and 40.
8
Let j(c) = 2*c**2 + 89*c + 621. Let i be j(-36). Let t(o) = 13*o + 9*o - 10*o - 6 - o**2. Let r be t(i). What is the greatest common divisor of 14 and r?
7
Let l(j) = 2*j**2 + 54*j + 430. Let c be l(-9). Calculate the highest common factor of c and 265.
53
Suppose 5*m - 2*v = 4298 + 5683, 5*m - 9990 = 5*v. What is the greatest common factor of m and 735?
105
Let i be 3487188/102 - (2/17 - 0). Let v be -1 + 6/8 - i/(-48). Let d = -496 + v. Calculate the highest common divisor of 27 and d.
27
Let c be 35/10*16/28. Suppose q - 96 = -2*s + 53, -3*s = -c*q + 277. Calculate the greatest common divisor of q and 22.
11
Let l(h) = -20*h**3 + 4*h**2 + 2*h - 2. Let m(j) = j - 55. Let q be m(-18). Let f = 71 + q. Let o be l(f). What is the highest common divisor of o and 34?
34
Suppose 4*w + 341 = 617. What is the greatest common divisor of 93 and w?
3
Let i(h) = 84*h + 39. Let q be i(2). Let l = q + -135. What is the greatest common divisor of l and 9?
9
Suppose 9796 = -5*m - 18*m + 75070. What is the highest common factor of 1290 and m?
258
Let f be (-33)/(1188/630)*-30. Calculate the greatest common divisor of f and 350.
175
Suppose -3*p - 412 = -4*f, f - 4 + 0 = 0. Let y = 138 + p. What is the highest common factor of y and 6?
6
Let v be -1 + 207 + -2 + 3. Let c be 333/(-444) - 555/(-4). What is the highest common factor of c and v?
69
Let l(s) = 28*s + 4. Let d be l(3). Let a = d + -87. Suppose -5*h = -4*u - 13, 8 = h - 2*u + 3*u. Calculate the greatest common divisor of a and h.
1
Let v = -19820 + 21012. Calculate the greatest common factor of v and 184.
8
Suppose -25*h + 20*h = -345. Let v(a) = a**2 + a + 115. Let t be v(0). Suppose -8*q + 3*q = -t. Calculate the greatest common factor of q and h.
23
Let g = 9422 - 9420. What is the highest common factor of 554 and g?
2
Suppose -5*t + 3*t = -8. Let z = 2986 + -2730. Calculate the greatest common factor of t and z.
4
Suppose -62866 = -83*h + 42046. What is the greatest common factor of h and 32?
16
Let u(q) = -10*q**2 + 323*q - 47. Let m be u(20). What is the greatest common divisor of 889 and m?
127
Let n(a) = -161*a + 2. Let d be n(-1). Suppose d = -7*u + 296. Let j be ((-57)/(-12))/(1/4). Calculate the highest common divisor of j and u.
19
Let n be -2 - (0/3 - 44). Suppose 37*g - n*g = -60. Calculate the greatest common divisor of g and 96.
12
Suppose 0 = -d - 3*y - 706, 5*d - 3*y = 647 - 4213. Let z = -379 - d. Calculate the greatest common divisor of z and 37.
37
Suppose 2*b - 4*t + 4 = 0, 4*b = -4*t - 0 + 4. Suppose 5*p = -2*a + 229, 2*a + 4*p + b*p = 234. Let r = a - 91. What is the highest common factor of r and 4?
4
Let c(x) = -46 + 23*x - 37 + 79. Let r be c(3). What is the highest common factor of r and 39?
13
Suppose -2*q = 1 + 1. Let c be (q/(-2))/(6/36). Suppose 8*h - 4*h - 10 = s, 0 = -2*h - 2*s + 10. Calculate the highest common factor of h and c.
3
Suppose -z + 6*z - l - 35 = 0, 4*z - 34 = 2*l. Let y = -8532 - -8536. What is the highest common factor of 